{"id":27,"date":"2024-02-12T23:32:17","date_gmt":"2024-02-12T21:32:17","guid":{"rendered":"http:\/\/localhost\/woocommerce\/?page_id=27"},"modified":"2024-07-24T00:28:40","modified_gmt":"2024-07-23T21:28:40","slug":"tarina","status":"publish","type":"page","link":"https:\/\/lankakauppaihana.fi\/index.php\/tarina\/","title":{"rendered":"Lankakauppa Ihana"},"content":{"rendered":"\n<p class=\"has-medium-font-size\" style=\"font-style:normal;font-weight:100;letter-spacing:1px\">Lankakauppa Ihana on Rovaniemelle syksyll\u00e4 2022 perustettu luonnonkuituisiin ja kotimaisiin lankoihin erikoistunut k\u00e4sity\u00f6tarvikeliike. Ihanan tavoitteena on tarjota neulojille lankoja, joista tulee hyv\u00e4 mieli \ud83d\ude42 , MUTTA jotka kest\u00e4v\u00e4t my\u00f6s eettist\u00e4 tarkastelua.<\/p>\n\n\n\n<div class=\"wp-block-columns is-layout-flex wp-container-core-columns-is-layout-28f84493 wp-block-columns-is-layout-flex\">\n<div class=\"wp-block-column is-layout-flow wp-block-column-is-layout-flow\">\n<div class=\"wp-block-columns is-layout-flex wp-container-core-columns-is-layout-28f84493 wp-block-columns-is-layout-flex\">\n<div class=\"wp-block-column is-layout-flow wp-block-column-is-layout-flow\" style=\"flex-basis:50%\">\n<p class=\"has-text-align-center has-medium-font-size\" style=\"font-style:normal;font-weight:100;letter-spacing:1px\"><strong>ARVOMAAILMA<\/strong><br><br>Ihana haluaa ensisijaisesti tukea kotimaista villantuotantoa, mutta neulojien monipuoliset toiveet huomioiden tarjota my\u00f6s pohjoismaisia ja muualla Euroopassa sek\u00e4 Etel\u00e4-Amerikassa (alpakka) valmistettuja laatulankoja. <br><br>Tuotevalikoimaa laajentaessamme valitsemme ensisijaisesti Euroopassa valmistettuja lankoja, koska niihin liittyy pitkien perinteiden tuoma ammattitaito, laadukkaat raaka-aineet sek\u00e4 EU:n ymp\u00e4rist\u00f6lains\u00e4\u00e4d\u00e4nt\u00f6. Valinnoissa menev\u00e4t aina etusijalle my\u00f6s luonnonmukainen tuotanto (puuvilla), mulesing-vapaus (merinovilla), muovittomuus neulelangoissa (mikromuovin v\u00e4ltt\u00e4minen) sek\u00e4 kest\u00e4vyys (sukkalangat).<\/p>\n<\/div>\n\n\n\n<div class=\"wp-block-column is-layout-flow wp-block-column-is-layout-flow\" style=\"flex-basis:33.33%\">\n<figure class=\"wp-block-image size-large is-resized\"><img loading=\"lazy\" decoding=\"async\" width=\"819\" height=\"1024\" src=\"https:\/\/lankakauppaihana.fi\/wp-content\/uploads\/2024\/07\/IMG_20220207_132129-01-819x1024.jpeg\" alt=\"\" class=\"wp-image-2358\" style=\"width:426px;height:auto\" srcset=\"https:\/\/lankakauppaihana.fi\/wp-content\/uploads\/2024\/07\/IMG_20220207_132129-01-819x1024.jpeg 819w, https:\/\/lankakauppaihana.fi\/wp-content\/uploads\/2024\/07\/IMG_20220207_132129-01-240x300.jpeg 240w, https:\/\/lankakauppaihana.fi\/wp-content\/uploads\/2024\/07\/IMG_20220207_132129-01-768x960.jpeg 768w, https:\/\/lankakauppaihana.fi\/wp-content\/uploads\/2024\/07\/IMG_20220207_132129-01-1229x1536.jpeg 1229w, https:\/\/lankakauppaihana.fi\/wp-content\/uploads\/2024\/07\/IMG_20220207_132129-01-1638x2048.jpeg 1638w, https:\/\/lankakauppaihana.fi\/wp-content\/uploads\/2024\/07\/IMG_20220207_132129-01-1140x1425.jpeg 1140w, https:\/\/lankakauppaihana.fi\/wp-content\/uploads\/2024\/07\/IMG_20220207_132129-01-600x750.jpeg 600w, https:\/\/lankakauppaihana.fi\/wp-content\/uploads\/2024\/07\/IMG_20220207_132129-01-scaled.jpeg 2048w\" sizes=\"auto, (max-width: 819px) 100vw, 819px\" \/><\/figure>\n<\/div>\n<\/div>\n<\/div>\n<\/div>\n\n\n\n<p class=\"has-medium-font-size\" style=\"font-style:normal;font-weight:100;letter-spacing:1px\">Lankaa valmistetaan my\u00f6s paljon Euroopan ulkopuolisissa maissa, kuten Aasiassa ja Intiassa, joissa ymp\u00e4rist\u00f6lains\u00e4\u00e4d\u00e4nt\u00f6 ei valitettavasti useinkaan ole ajantasalla. Vaikka t\u00e4llaista lankaa saisi halvalla, emme halua tahrata k\u00e4si\u00e4mme saastuneeseen Ganges-jokeen. T\u00e4n\u00e4 p\u00e4iv\u00e4n\u00e4 on mahdollista tehd\u00e4 arvovalintoja, ja meill\u00e4 yritt\u00e4jill\u00e4 on tuotevalikoiman pullonkauloina velvollisuus tehd\u00e4 osamme ja tarjota asiakkaillemme parempia vaihtoehtoja &#8211; my\u00f6s t\u00e4m\u00e4n ainoan kotimme, maapallon, kantilta katsottuna &lt;3<br><br><strong>ITSEN\u00c4INEN MAAHANTUONTI<\/strong><br>Uteliaisuudesta ja vahvasta arvomaailmasta johtuen Ihana tekee itsen\u00e4ist\u00e4 maahantuontia, eli ei ole riippuvainen kansallisten tukkujen ja muiden maahantuojien valikoimasta. Ja niin se vain kuulkaas on, ett\u00e4 maailma on t\u00e4ynn\u00e4 kaikenlaisia ihania lankoja, joten valinnanvaraa riitt\u00e4\u00e4 my\u00f6s t\u00e4\u00e4ll\u00e4 Euroopassa sek\u00e4 eettisell\u00e4 rintamalla! Siisp\u00e4 jos olet t\u00f6rm\u00e4nnyt johonkin upeaan lankaan, mit\u00e4 ei viel\u00e4 Suomesta saa &#8211; hihkaisethan, niin katsotaan, mit\u00e4 voisimme asialle tehd\u00e4! \ud83d\ude09<\/p>\n\n\n\n<div class=\"wp-block-columns is-layout-flex wp-container-core-columns-is-layout-28f84493 wp-block-columns-is-layout-flex\">\n<div class=\"wp-block-column is-layout-flow wp-block-column-is-layout-flow\">\n<p class=\"has-medium-font-size\" style=\"font-style:normal;font-weight:100;letter-spacing:1px\"><strong>TAUSTAA<\/strong><br>Ihanan takana olen min\u00e4, Hanna-Maria, 39-vuotias intohimoinen neuloja, puutarhuri, ja markkinoinnin tradenomi, joka on &#8211; kuten meill\u00e4 Lapissa sanotaan &#8211; kutonut 4-vuotiaasta saakka. Olen paljasjalkainen merilappilainen, eli l\u00e4ht\u00f6isin Kemist\u00e4, mutta asunut Rovaniemell\u00e4 jo 16 vuotta ja juurtunut t\u00e4nne.<br><br>Olen toiminut yritt\u00e4j\u00e4n\u00e4 vuodesta 2008 saakka ja minulla on maahantuontitausta. Ennen Ihanaa yritykseni Mollamania maahantoi ja verkkokaupassaan j\u00e4lleenmyi aasialaisia Pullip- ja Blythe -ker\u00e4ilynukkeja ja niihin liittyvi\u00e4 oheistuotteita, kuten japanilaisia Obitsu-kehoja. Mollamania ehti toimia alallaan 10 vuotta ja myyd\u00e4 nukkeja l\u00e4hes miljoonan euron edest\u00e4, mutta perheen pienimpien synnytty\u00e4 vuosina 2017 ja 2018, p\u00e4\u00e4tin \u00e4itiyslomien aikana l\u00e4hte\u00e4 haastamaan itse\u00e4ni ja etsi\u00e4 t\u00e4ysin uuden yritysidean toteutettavaksi.<\/p>\n<\/div>\n\n\n\n<div class=\"wp-block-column is-layout-flow wp-block-column-is-layout-flow\">\n<figure class=\"wp-block-image size-large is-resized\"><img loading=\"lazy\" decoding=\"async\" width=\"819\" height=\"1024\" src=\"https:\/\/lankakauppaihana.fi\/wp-content\/uploads\/2024\/07\/IMG_20240508_134440-01-819x1024.jpeg\" alt=\"\" class=\"wp-image-2404\" style=\"width:394px;height:auto\" srcset=\"https:\/\/lankakauppaihana.fi\/wp-content\/uploads\/2024\/07\/IMG_20240508_134440-01-819x1024.jpeg 819w, https:\/\/lankakauppaihana.fi\/wp-content\/uploads\/2024\/07\/IMG_20240508_134440-01-240x300.jpeg 240w, https:\/\/lankakauppaihana.fi\/wp-content\/uploads\/2024\/07\/IMG_20240508_134440-01-768x960.jpeg 768w, https:\/\/lankakauppaihana.fi\/wp-content\/uploads\/2024\/07\/IMG_20240508_134440-01-1229x1536.jpeg 1229w, https:\/\/lankakauppaihana.fi\/wp-content\/uploads\/2024\/07\/IMG_20240508_134440-01-1639x2048.jpeg 1639w, https:\/\/lankakauppaihana.fi\/wp-content\/uploads\/2024\/07\/IMG_20240508_134440-01-1140x1425.jpeg 1140w, https:\/\/lankakauppaihana.fi\/wp-content\/uploads\/2024\/07\/IMG_20240508_134440-01-600x750.jpeg 600w, https:\/\/lankakauppaihana.fi\/wp-content\/uploads\/2024\/07\/IMG_20240508_134440-01-scaled.jpeg 2048w\" sizes=\"auto, (max-width: 819px) 100vw, 819px\" \/><\/figure>\n<\/div>\n<\/div>\n\n\n\n<p class=\"has-medium-font-size\" style=\"font-style:normal;font-weight:100;letter-spacing:1px\">Ajatus Ihanasta l\u00e4hti alunperin paitsi omasta intohimostani eli neulomisesta, my\u00f6s arvomaailmastani. Rakkaudesta kotimaiseen villaan syntyi <em><strong>Arctic Banana<\/strong><\/em> vuonna 2019, kun aloin v\u00e4rj\u00e4\u00e4m\u00e4\u00e4n ja tuotteistamaan kotimaista kampavillaa. T\u00e4ll\u00e4 hetkell\u00e4 Arctic Bananan tuoteperheeseen kuuluu 7 eri lankalaatua ja ideoita uusista tuotteista tulee edelleen jatkuvasti \ud83d\ude42 Arctic Bananalla on ollut aiemmin my\u00f6s oma verkkokauppa, mutta kes\u00e4ll\u00e4 2024 Arctic Bananan langat siirtyiv\u00e4t pysyv\u00e4sti myyntiin Lankakauppa Ihanan verkkokauppaan. <br><br>Niin kovasti kuin haluaisinkin myyd\u00e4 pelkk\u00e4\u00e4 ihanaa kotimaista villaa, ymm\u00e4rr\u00e4n itsekin tarpeen neuloa muistakin materiaaleista \ud83d\ude09 Niit\u00e4kin on onneksi maailmalla saatavilla laaja kirjo, ja maahantuojan roolissa voin tehd\u00e4 paljonkin seulontaa laadun ja ekologisuuden suhteen. Samalla, kun opin itse, koen velvollisuudekseni jakaa oppimaani my\u00f6s muille. Olen esimerkiksi eritt\u00e4in kiinnostunut eri lammasroduista, niiden ominaisuuksista ja villan laadusta, sek\u00e4 meid\u00e4n kotosuomalaisista perinteist\u00e4 ja ajasta, jolloin l\u00e4hes joka porstuan pieless\u00e4 oli oma kotitarvelammas \ud83d\ude42 N\u00e4ist\u00e4 kuulen eritt\u00e4in mielell\u00e4ni teilt\u00e4 asiakkailtakin!<br><br>Me kaikki rakastamme tarinoita lankojen takana. Ihana haluaakin tarjota arvojensa mukaisia persoonallisia materiaalivaihtoehtoja k\u00e4sity\u00f6projekteihin, joista joka ikinen on jo syntyess\u00e4\u00e4n t\u00e4ysin uniikki! \ud83d\ude42<\/p>\n","protected":false},"excerpt":{"rendered":"<p>Lankakauppa Ihana on Rovaniemelle syksyll\u00e4 2022 perustettu luonnonkuituisiin ja kotimaisiin lankoihin erikoistunut k\u00e4sity\u00f6tarvikeliike. Ihanan tavoitteena on tarjota neulojille lankoja, joista tulee hyv\u00e4 mieli \ud83d\ude42 , MUTTA jotka kest\u00e4v\u00e4t my\u00f6s eettist\u00e4 tarkastelua. ARVOMAAILMA Ihana haluaa ensisijaisesti tukea kotimaista villantuotantoa, mutta neulojien monipuoliset toiveet huomioiden tarjota my\u00f6s pohjoismaisia ja muualla Euroopassa sek\u00e4 Etel\u00e4-Amerikassa (alpakka) valmistettuja laatulankoja. Tuotevalikoimaa laajentaessamme valitsemme ensisijaisesti Euroopassa valmistettuja lankoja, koska niihin liittyy pitkien perinteiden tuoma ammattitaito, laadukkaat raaka-aineet sek\u00e4 EU:n ymp\u00e4rist\u00f6lains\u00e4\u00e4d\u00e4nt\u00f6. Valinnoissa menev\u00e4t aina etusijalle my\u00f6s luonnonmukainen tuotanto (puuvilla), mulesing-vapaus (merinovilla), muovittomuus neulelangoissa (mikromuovin v\u00e4ltt\u00e4minen) sek\u00e4 kest\u00e4vyys (sukkalangat). Lankaa valmistetaan my\u00f6s paljon Euroopan ulkopuolisissa maissa, kuten Aasiassa ja Intiassa, joissa ymp\u00e4rist\u00f6lains\u00e4\u00e4d\u00e4nt\u00f6 ei valitettavasti useinkaan ole ajantasalla. Vaikka t\u00e4llaista lankaa saisi halvalla, emme halua tahrata k\u00e4si\u00e4mme saastuneeseen Ganges-jokeen. T\u00e4n\u00e4 p\u00e4iv\u00e4n\u00e4 on mahdollista tehd\u00e4 arvovalintoja, ja meill\u00e4 yritt\u00e4jill\u00e4 on tuotevalikoiman pullonkauloina velvollisuus tehd\u00e4 osamme ja tarjota asiakkaillemme parempia vaihtoehtoja &#8211; my\u00f6s t\u00e4m\u00e4n ainoan kotimme, maapallon, kantilta katsottuna &lt;3 ITSEN\u00c4INEN MAAHANTUONTIUteliaisuudesta ja vahvasta arvomaailmasta johtuen Ihana tekee itsen\u00e4ist\u00e4 maahantuontia, eli ei ole riippuvainen kansallisten tukkujen ja muiden maahantuojien valikoimasta. Ja niin se vain kuulkaas on, ett\u00e4 maailma on t\u00e4ynn\u00e4 kaikenlaisia ihania lankoja, joten valinnanvaraa riitt\u00e4\u00e4 my\u00f6s t\u00e4\u00e4ll\u00e4 Euroopassa sek\u00e4 eettisell\u00e4 rintamalla! Siisp\u00e4 jos olet t\u00f6rm\u00e4nnyt johonkin upeaan lankaan, mit\u00e4 ei viel\u00e4 Suomesta saa &#8211; hihkaisethan, niin katsotaan, mit\u00e4 voisimme asialle tehd\u00e4! \ud83d\ude09 TAUSTAAIhanan takana olen min\u00e4, Hanna-Maria, 39-vuotias intohimoinen neuloja, puutarhuri, ja markkinoinnin tradenomi, joka on &#8211; kuten meill\u00e4 Lapissa sanotaan &#8211; kutonut 4-vuotiaasta saakka. Olen paljasjalkainen merilappilainen, eli l\u00e4ht\u00f6isin Kemist\u00e4, mutta asunut Rovaniemell\u00e4 jo 16 vuotta ja juurtunut t\u00e4nne. Olen toiminut yritt\u00e4j\u00e4n\u00e4 vuodesta 2008 saakka ja minulla on maahantuontitausta. Ennen Ihanaa yritykseni Mollamania maahantoi ja verkkokaupassaan j\u00e4lleenmyi aasialaisia Pullip- ja Blythe -ker\u00e4ilynukkeja ja niihin liittyvi\u00e4 oheistuotteita, kuten japanilaisia Obitsu-kehoja. Mollamania ehti toimia alallaan 10 vuotta ja myyd\u00e4 nukkeja l\u00e4hes miljoonan euron edest\u00e4, mutta perheen pienimpien synnytty\u00e4 vuosina 2017 ja 2018, p\u00e4\u00e4tin \u00e4itiyslomien aikana l\u00e4hte\u00e4 haastamaan itse\u00e4ni ja etsi\u00e4 t\u00e4ysin uuden yritysidean toteutettavaksi. Ajatus Ihanasta l\u00e4hti alunperin paitsi omasta intohimostani eli neulomisesta, my\u00f6s arvomaailmastani. Rakkaudesta kotimaiseen villaan syntyi Arctic Banana vuonna 2019, kun aloin v\u00e4rj\u00e4\u00e4m\u00e4\u00e4n ja tuotteistamaan kotimaista kampavillaa. T\u00e4ll\u00e4 hetkell\u00e4 Arctic Bananan tuoteperheeseen kuuluu 7 eri lankalaatua ja ideoita uusista tuotteista tulee edelleen jatkuvasti \ud83d\ude42 Arctic Bananalla on ollut aiemmin my\u00f6s oma verkkokauppa, mutta kes\u00e4ll\u00e4 2024 Arctic Bananan langat siirtyiv\u00e4t pysyv\u00e4sti myyntiin Lankakauppa Ihanan verkkokauppaan. Niin kovasti kuin haluaisinkin myyd\u00e4 pelkk\u00e4\u00e4 ihanaa kotimaista villaa, ymm\u00e4rr\u00e4n itsekin tarpeen neuloa muistakin materiaaleista \ud83d\ude09 Niit\u00e4kin on onneksi maailmalla saatavilla laaja kirjo, ja maahantuojan roolissa voin tehd\u00e4 paljonkin seulontaa laadun ja ekologisuuden suhteen. Samalla, kun opin itse, koen velvollisuudekseni jakaa oppimaani my\u00f6s muille. Olen esimerkiksi eritt\u00e4in kiinnostunut eri lammasroduista, niiden ominaisuuksista ja villan laadusta, sek\u00e4 meid\u00e4n kotosuomalaisista perinteist\u00e4 ja ajasta, jolloin l\u00e4hes joka porstuan pieless\u00e4 oli oma kotitarvelammas \ud83d\ude42 N\u00e4ist\u00e4 kuulen eritt\u00e4in mielell\u00e4ni teilt\u00e4 asiakkailtakin! Me kaikki rakastamme tarinoita lankojen takana. Ihana haluaakin tarjota arvojensa mukaisia persoonallisia materiaalivaihtoehtoja k\u00e4sity\u00f6projekteihin, joista joka ikinen on jo syntyess\u00e4\u00e4n t\u00e4ysin uniikki! \ud83d\ude42<\/p>\n","protected":false},"author":1,"featured_media":0,"parent":0,"menu_order":0,"comment_status":"closed","ping_status":"closed","template":"","meta":{"_monsterinsights_skip_tracking":false,"_monsterinsights_sitenote_active":false,"_monsterinsights_sitenote_note":"","_monsterinsights_sitenote_category":0,"_uf_show_specific_survey":0,"_uf_disable_surveys":false,"footnotes":""},"class_list":["post-27","page","type-page","status-publish","hentry"],"_links":{"self":[{"href":"https:\/\/lankakauppaihana.fi\/index.php\/wp-json\/wp\/v2\/pages\/27","targetHints":{"allow":["GET"]}}],"collection":[{"href":"https:\/\/lankakauppaihana.fi\/index.php\/wp-json\/wp\/v2\/pages"}],"about":[{"href":"https:\/\/lankakauppaihana.fi\/index.php\/wp-json\/wp\/v2\/types\/page"}],"author":[{"embeddable":true,"href":"https:\/\/lankakauppaihana.fi\/index.php\/wp-json\/wp\/v2\/users\/1"}],"replies":[{"embeddable":true,"href":"https:\/\/lankakauppaihana.fi\/index.php\/wp-json\/wp\/v2\/comments?post=27"}],"version-history":[{"count":21,"href":"https:\/\/lankakauppaihana.fi\/index.php\/wp-json\/wp\/v2\/pages\/27\/revisions"}],"predecessor-version":[{"id":2409,"href":"https:\/\/lankakauppaihana.fi\/index.php\/wp-json\/wp\/v2\/pages\/27\/revisions\/2409"}],"wp:attachment":[{"href":"https:\/\/lankakauppaihana.fi\/index.php\/wp-json\/wp\/v2\/media?parent=27"}],"curies":[{"name":"wp","href":"https:\/\/api.w.org\/{rel}","templated":true}]}}