{"id":1013,"date":"2024-06-16T18:47:31","date_gmt":"2024-06-16T15:47:31","guid":{"rendered":"https:\/\/lankakauppaihana.fi\/?post_type=product&#038;p=1013"},"modified":"2024-08-09T16:04:19","modified_gmt":"2024-08-09T13:04:19","slug":"mille-colori-baby-0085-oranssi-fuksia","status":"publish","type":"product","link":"https:\/\/lankakauppaihana.fi\/index.php\/product\/mille-colori-baby-0085-oranssi-fuksia\/","title":{"rendered":"Mille Colori Baby, <br> 0085 oranssi-fuksia"},"content":{"rendered":"","protected":false},"excerpt":{"rendered":"<p><strong>100% merinovilla<\/strong> * * * <strong>fingering<\/strong> (380m\/100g)* * * <strong>puikot: 3-3\u00bd<\/strong><\/p>\n<p>Mille Colori Baby on upea yksis\u00e4ikeinen liukuv\u00e4rj\u00e4tty t\u00e4ysvillalanka. Neulot siit\u00e4 monenlaisia asusteita ja neuleita.<\/p>\n<p>Mille Colori Babyn puikkosuositus on 3-3\u00bd.<br \/>\nKer\u00e4n koko on 50g ja siin\u00e4 on noin 190m lankaa (juoksevuus ~180m\/100g).<\/p>\n<p>Langan koostumus: 100% merinovillaa<br \/>\nPesu: hell\u00e4varainen 30C\u00b0 villapesu (Eth\u00e4n k\u00e4yt\u00e4 huuhteluainetta!)<br \/>\nNeuletiheys: 27 x 36<\/p>\n<p>Kehr\u00e4tty Italiassa.<\/p>\n<p>Mille Colori Baby -langasta teet esimerkiksi upean <a href=\"https:\/\/www.petiteknit.com\/en\/products\/sophie-scarf\">Petite Knitin Sophie -huivin<\/a>! \ud83d\ude42<\/p>\n","protected":false},"featured_media":2770,"template":"","meta":{"_monsterinsights_skip_tracking":false,"_monsterinsights_sitenote_active":false,"_monsterinsights_sitenote_note":"","_monsterinsights_sitenote_category":0,"_uf_show_specific_survey":0,"_uf_disable_surveys":false},"product_brand":[],"product_cat":[151,150,152],"product_tag":[153,123],"class_list":{"0":"post-1013","1":"product","2":"type-product","3":"status-publish","4":"has-post-thumbnail","6":"product_cat-millecolori2","7":"product_cat-millecolori","8":"product_cat-millecolori3","9":"product_tag-fingering","10":"product_tag-merino","12":"first","13":"instock","14":"taxable","15":"shipping-taxable","16":"purchasable","17":"product-type-simple"},"_links":{"self":[{"href":"https:\/\/lankakauppaihana.fi\/index.php\/wp-json\/wp\/v2\/product\/1013","targetHints":{"allow":["GET"]}}],"collection":[{"href":"https:\/\/lankakauppaihana.fi\/index.php\/wp-json\/wp\/v2\/product"}],"about":[{"href":"https:\/\/lankakauppaihana.fi\/index.php\/wp-json\/wp\/v2\/types\/product"}],"wp:featuredmedia":[{"embeddable":true,"href":"https:\/\/lankakauppaihana.fi\/index.php\/wp-json\/wp\/v2\/media\/2770"}],"wp:attachment":[{"href":"https:\/\/lankakauppaihana.fi\/index.php\/wp-json\/wp\/v2\/media?parent=1013"}],"wp:term":[{"taxonomy":"product_brand","embeddable":true,"href":"https:\/\/lankakauppaihana.fi\/index.php\/wp-json\/wp\/v2\/product_brand?post=1013"},{"taxonomy":"product_cat","embeddable":true,"href":"https:\/\/lankakauppaihana.fi\/index.php\/wp-json\/wp\/v2\/product_cat?post=1013"},{"taxonomy":"product_tag","embeddable":true,"href":"https:\/\/lankakauppaihana.fi\/index.php\/wp-json\/wp\/v2\/product_tag?post=1013"}],"curies":[{"name":"wp","href":"https:\/\/api.w.org\/{rel}","templated":true}]}}