{"id":4325,"date":"2026-03-19T13:27:59","date_gmt":"2026-03-19T11:27:59","guid":{"rendered":"https:\/\/lankakauppaihana.fi\/?post_type=product&#038;p=4325"},"modified":"2026-03-19T13:36:52","modified_gmt":"2026-03-19T11:36:52","slug":"alpaca-1-e2s-vaaleanharmaa","status":"publish","type":"product","link":"https:\/\/lankakauppaihana.fi\/index.php\/product\/alpaca-1-e2s-vaaleanharmaa\/","title":{"rendered":"Alpaca 1, E2s vaaleanharmaa"},"content":{"rendered":"<p class=\"font-claude-response-body break-words whitespace-normal leading-[1.7]\"><strong>Isagerin Alpaca 1 <\/strong>on valmistettu perulaisesta alpakanvillasta. Alpaca 1 on silkinpehme\u00e4 kaksis\u00e4ikeinen pitsivahvuinen lanka, josta neulot yksist\u00e4\u00e4n esimerkiksi kevyit\u00e4 huiveja . Alpaca 1 on kiva vaihtoehto esimerkiksi silkkimohairin tilalle ty\u00f6n toiseksi langaksi. Se pehment\u00e4\u00e4 neulosta, luo uusia s\u00e4vyj\u00e4 v\u00e4rien yhdistelyn kautta sek\u00e4 sitoo kirjoneuleiden v\u00e4rej\u00e4 yhteen harmonisesti \ud83d\ude42<\/p>\n<p>Alpaca 1 sopii hyvin k\u00e4ytett\u00e4v\u00e4ksi mink\u00e4 tahansa toisen pitsivahvuisen langan kanssa (kuten <a href=\"https:\/\/lankakauppaihana.fi\/index.php\/product-category\/tuotteet\/langat\/vahvuus\/lace-vahvuus\/merino400-lace-vahvuus\/\">Merino400<\/a> tai <a href=\"https:\/\/lankakauppaihana.fi\/index.php\/product-category\/tuotteet\/langat\/materiaalit\/silkkimohair\/\">silkkimohair<\/a>). Voit yhdist\u00e4\u00e4 sen hienosti my\u00f6s esimerkiksi Isagerin <a href=\"https:\/\/lankakauppaihana.fi\/index.php\/product-category\/tuotteet\/langat\/materiaalit\/villa\/peruvianhighland\/\">Highland<\/a>-, <a href=\"https:\/\/lankakauppaihana.fi\/index.php\/product-category\/valmistajat\/isager\/tvinni\/\">Tvinni<\/a>&#8211; tai <a href=\"https:\/\/lankakauppaihana.fi\/index.php\/product-category\/valmistajat\/isager\/jensen\/\">Jensen<\/a>-lankoihin.<\/p>\n<p>Alpaca 1 + Isager Highland tai Isager Tvinni neuloutuvat yhdess\u00e4 puikoilla 4\u00bd-5 esimerkiksi <a href=\"https:\/\/lankakauppaihana.fi\/index.php\/product\/sadepaivan-paita-pdf-ohje\/\">Sadep\u00e4iv\u00e4n paidaksi<\/a> &lt;3 Ihanan hiihtopaita-versio (kts. tuotekuvat) on neulottu Isagerin Highlandista (130g \/ 3 ker\u00e4\u00e4) ja <a href=\"https:\/\/lankakauppaihana.fi\/index.php\/product-category\/tuotteet\/langat\/materiaalit\/alpakka\/alpaca1\/\">Alpaca 1<\/a>:st\u00e4 (90g \/ 2 ker\u00e4\u00e4) koon 5 puikoilla, ja se painaa vain 220 grammaa! \ud83d\ude42<\/p>\n<p class=\"font-claude-response-body break-words whitespace-normal leading-[1.7]\"><a href=\"https:\/\/lankakauppaihana.fi\/index.php\/product-category\/tuotteet\/langat\/materiaalit\/alpakka\/alpaca1\/\">Alpaca 1<\/a>:sen E-alkuiset s\u00e4vyt ovat teollisesti v\u00e4rj\u00e4\u00e4m\u00e4tt\u00f6mi\u00e4 eli luonnonv\u00e4risi\u00e4, Muut s\u00e4vyt ovat v\u00e4rj\u00e4ttyj\u00e4. Katso kaikki s\u00e4vyt <a href=\"https:\/\/lankakauppaihana.fi\/index.php\/product-category\/tuotteet\/langat\/materiaalit\/alpakka\/alpaca1\/\">T\u00c4\u00c4LT\u00c4<\/a>.<\/p>\n<p>Ker\u00e4n koko 50g = n. 400 metri\u00e4.<br \/>\nHell\u00e4varainen k\u00e4sinpesu 30\u00b0C.<br \/>\nValmistettu Perussa.<\/p>\n","protected":false},"excerpt":{"rendered":"<div class=\"woocommerce-product-details__short-description\">\n<p><strong>100% alpakka\u00a0 <\/strong>* * *<strong> lace <\/strong>(800m\/100g) * * * <strong>puikot: 2<\/strong><\/p>\n<p><strong>Isagerin Alpaca 1 <\/strong>on valmistettu perulaisesta alpakanvillasta. Alpaca 1 on silkinpehme\u00e4 kaksis\u00e4ikeinen pitsivahvuinen lanka, josta neulot yksist\u00e4\u00e4n esimerkiksi kevyit\u00e4 huiveja . Alpaca 1 on kiva vaihtoehto esimerkiksi silkkimohairin tilalle ty\u00f6n toiseksi langaksi.<\/p>\n<p>Alpaca 1 on eritt\u00e4in riittoisa lanka &#8211; yhdess\u00e4 50g ker\u00e4ss\u00e4 on jopa 400 metri\u00e4 lankaa!<\/p>\n<\/div>\n","protected":false},"featured_media":4327,"template":"","meta":{"_monsterinsights_skip_tracking":false,"_monsterinsights_sitenote_active":false,"_monsterinsights_sitenote_note":"","_monsterinsights_sitenote_category":0,"_uf_show_specific_survey":0,"_uf_disable_surveys":false},"product_brand":[],"product_cat":[479,480,481,94],"product_tag":[122,482,230,484,483,192],"class_list":{"0":"post-4325","1":"product","2":"type-product","3":"status-publish","4":"has-post-thumbnail","6":"product_cat-alpaca1","7":"product_cat-alpaca11","8":"product_cat-alpaca12","9":"product_cat-uutuudet","10":"product_tag-alpakka","11":"product_tag-alpakkalanka","12":"product_tag-isager","13":"product_tag-isageralpaca1","14":"product_tag-ohut-alpakkalanka","15":"product_tag-pitsilanka","17":"first","18":"instock","19":"taxable","20":"shipping-taxable","21":"purchasable","22":"product-type-simple"},"_links":{"self":[{"href":"https:\/\/lankakauppaihana.fi\/index.php\/wp-json\/wp\/v2\/product\/4325","targetHints":{"allow":["GET"]}}],"collection":[{"href":"https:\/\/lankakauppaihana.fi\/index.php\/wp-json\/wp\/v2\/product"}],"about":[{"href":"https:\/\/lankakauppaihana.fi\/index.php\/wp-json\/wp\/v2\/types\/product"}],"wp:featuredmedia":[{"embeddable":true,"href":"https:\/\/lankakauppaihana.fi\/index.php\/wp-json\/wp\/v2\/media\/4327"}],"wp:attachment":[{"href":"https:\/\/lankakauppaihana.fi\/index.php\/wp-json\/wp\/v2\/media?parent=4325"}],"wp:term":[{"taxonomy":"product_brand","embeddable":true,"href":"https:\/\/lankakauppaihana.fi\/index.php\/wp-json\/wp\/v2\/product_brand?post=4325"},{"taxonomy":"product_cat","embeddable":true,"href":"https:\/\/lankakauppaihana.fi\/index.php\/wp-json\/wp\/v2\/product_cat?post=4325"},{"taxonomy":"product_tag","embeddable":true,"href":"https:\/\/lankakauppaihana.fi\/index.php\/wp-json\/wp\/v2\/product_tag?post=4325"}],"curies":[{"name":"wp","href":"https:\/\/api.w.org\/{rel}","templated":true}]}}