{"id":4437,"date":"2026-04-09T14:47:58","date_gmt":"2026-04-09T11:47:58","guid":{"rendered":"https:\/\/lankakauppaihana.fi\/?post_type=product&#038;p=4437"},"modified":"2026-04-09T15:14:05","modified_gmt":"2026-04-09T12:14:05","slug":"merilin-e0-luonnonvalkoinen","status":"publish","type":"product","link":"https:\/\/lankakauppaihana.fi\/index.php\/product\/merilin-e0-luonnonvalkoinen\/","title":{"rendered":"Merilin, E0 luonnonvalkoinen"},"content":{"rendered":"<p><strong>80% merinovilla \/\/ 20% pellava <\/strong>* * *<strong> fingering<\/strong> (416m\/100g) * * * <strong>puikot: 3<\/strong><\/p>\n<p><strong>Isagerin Merilin<\/strong> on 3-s\u00e4ikeinen merino-pellavalanka.\u00a0 Lanka on todella pehme\u00e4\u00e4, ja se sopii niin aikuisten kuin lastenkin neuleisiin ja asusteisiin \ud83d\ude42 S\u00e4vyt ovat kauniin meleerattuja ja vivahteikkaita.<\/p>\n<p>Merilin on fingering-vahvuinen kevyt lanka, joka sopii erityisesti kes\u00e4neuleisiin ja hienosti my\u00f6s paljasta ihoa vasten k\u00e4ytett\u00e4v\u00e4ksi &lt;3<br \/>\n50g ker\u00e4ss\u00e4 on 208m lankaa.<\/p>\n<p>Neulot Merilini\u00e4 joko yksist\u00e4\u00e4n koon 3 puikoilla tai toisen langan kanssa. Merilinin kanssa toiseksi langaksi sopii hyvin esimerkiksi:<br \/>\n&#8211; Isager Alpaca 1<br \/>\n&#8211; Lang Yarns Merino400<br \/>\n&#8211; Isager Silk Mohair<\/p>\n<p>Lanka on v\u00e4rj\u00e4tty ja kehr\u00e4tty Perussa.<\/p>\n","protected":false},"excerpt":{"rendered":"<p><strong>80% merinovilla \/\/ 20% pellava <\/strong>* * *<strong> fingering<\/strong> (416m\/100g) * * * <strong>puikot: 3<\/strong><\/p>\n<p>Isagerin Merilin on 3-s\u00e4ikeinen merino-pellavalanka.\u00a0 Lanka on todella pehme\u00e4\u00e4, ja se sopii niin aikuisten kuin lastenkin neuleisiin ja asusteisiin \ud83d\ude42 S\u00e4vyt ovat kauniin meleerattuja ja vivahteikkaita.<\/p>\n<p>Merilin on fingering-vahvuinen kevyt lanka, joka sopii erityisesti kes\u00e4neuleisiin ja hienosti my\u00f6s paljasta ihoa vasten k\u00e4ytett\u00e4v\u00e4ksi &lt;3<br \/>\n50g ker\u00e4ss\u00e4 on 208m lankaa.<\/p>\n","protected":false},"featured_media":4440,"template":"","meta":{"_monsterinsights_skip_tracking":false,"_monsterinsights_sitenote_active":false,"_monsterinsights_sitenote_note":"","_monsterinsights_sitenote_category":0,"_uf_show_specific_survey":0,"_uf_disable_surveys":false},"product_brand":[],"product_cat":[422,423,424,425,94],"product_tag":[230,426],"class_list":{"0":"post-4437","1":"product","2":"type-product","3":"status-publish","4":"has-post-thumbnail","6":"product_cat-merilin","7":"product_cat-merilin2","8":"product_cat-merilin3","9":"product_cat-merilin4","10":"product_cat-uutuudet","11":"product_tag-isager","12":"product_tag-merilin","14":"first","15":"instock","16":"taxable","17":"shipping-taxable","18":"purchasable","19":"product-type-simple"},"_links":{"self":[{"href":"https:\/\/lankakauppaihana.fi\/index.php\/wp-json\/wp\/v2\/product\/4437","targetHints":{"allow":["GET"]}}],"collection":[{"href":"https:\/\/lankakauppaihana.fi\/index.php\/wp-json\/wp\/v2\/product"}],"about":[{"href":"https:\/\/lankakauppaihana.fi\/index.php\/wp-json\/wp\/v2\/types\/product"}],"wp:featuredmedia":[{"embeddable":true,"href":"https:\/\/lankakauppaihana.fi\/index.php\/wp-json\/wp\/v2\/media\/4440"}],"wp:attachment":[{"href":"https:\/\/lankakauppaihana.fi\/index.php\/wp-json\/wp\/v2\/media?parent=4437"}],"wp:term":[{"taxonomy":"product_brand","embeddable":true,"href":"https:\/\/lankakauppaihana.fi\/index.php\/wp-json\/wp\/v2\/product_brand?post=4437"},{"taxonomy":"product_cat","embeddable":true,"href":"https:\/\/lankakauppaihana.fi\/index.php\/wp-json\/wp\/v2\/product_cat?post=4437"},{"taxonomy":"product_tag","embeddable":true,"href":"https:\/\/lankakauppaihana.fi\/index.php\/wp-json\/wp\/v2\/product_tag?post=4437"}],"curies":[{"name":"wp","href":"https:\/\/api.w.org\/{rel}","templated":true}]}}